{"id":313,"date":"2018-01-06T22:56:17","date_gmt":"2018-01-06T22:56:17","guid":{"rendered":"http:\/\/www.petrmudrak.photo\/?page_id=313"},"modified":"2020-08-22T16:14:48","modified_gmt":"2020-08-22T15:14:48","slug":"portret","status":"publish","type":"page","link":"https:\/\/www.petrmudrak.photo\/index.php\/vitejte-na-strankach-venovanych-fotografii\/portret\/","title":{"rendered":"Portr\u00e9t"},"content":{"rendered":"<p>Na rozd\u00edl od rodinn\u00e9 fotografie p\u0159i portr\u00e9tn\u00ed fotografii se sna\u017e\u00edm p\u0159ed samotn\u00fdm focen\u00edm co nejv\u00edce mluvit o o\u010dek\u00e1van\u00e9m v\u00fdsledku. Ud\u011bl\u00e1m si pak p\u0159edstavu a i focen\u00fd pak v\u00ed, jak bude v\u00fdsledek vypadat. Tak\u017ee vlastn\u011b p\u0159i focen\u00ed portr\u00e9tu je focen\u00ed a\u017e ta posledn\u00ed f\u00e1ze &#8211; dokon\u010den\u00ed pov\u00edd\u00e1n\u00ed o fotografii a o fotografovan\u00fdch.<\/p>\n\n\n<figure class=\"wp-block-image size-large is-resized\"><img loading=\"lazy\" decoding=\"async\" src=\"https:\/\/www.petrmudrak.photo\/wp-content\/uploads\/2020\/08\/certifikat-2.jpg\" alt=\"\" class=\"wp-image-1129\" width=\"509\" height=\"720\" srcset=\"https:\/\/www.petrmudrak.photo\/wp-content\/uploads\/2020\/08\/certifikat-2.jpg 679w, https:\/\/www.petrmudrak.photo\/wp-content\/uploads\/2020\/08\/certifikat-2-212x300.jpg 212w\" sizes=\"auto, (max-width: 509px) 100vw, 509px\" \/><\/figure>\n\n\n\nngg_shortcode_0_placeholder\n","protected":false},"excerpt":{"rendered":"<p>Na rozd\u00edl od rodinn\u00e9 fotografie p\u0159i portr\u00e9tn\u00ed fotografii se sna\u017e\u00edm p\u0159ed samotn\u00fdm focen\u00edm co nejv\u00edce mluvit o o\u010dek\u00e1van\u00e9m v\u00fdsledku. Ud\u011bl\u00e1m si pak p\u0159edstavu a i focen\u00fd pak v\u00ed, jak bude v\u00fdsledek vypadat. Tak\u017ee vlastn\u011b p\u0159i focen\u00ed portr\u00e9tu je focen\u00ed a\u017e ta posledn\u00ed f\u00e1ze &#8211; dokon\u010den\u00ed pov\u00edd\u00e1n\u00ed o fotografii a o fotografovan\u00fdch.<\/p>\n","protected":false},"author":1,"featured_media":0,"parent":217,"menu_order":0,"comment_status":"closed","ping_status":"closed","template":"","meta":{"ngg_post_thumbnail":0,"footnotes":""},"class_list":["post-313","page","type-page","status-publish","hentry"],"yoast_head":"<!-- This site is optimized with the Yoast SEO plugin v27.5 - https:\/\/yoast.com\/product\/yoast-seo-wordpress\/ -->\n<title>Portr\u00e9t - Petr Mudr\u00e1k<\/title>\n<meta name=\"robots\" content=\"index, follow, max-snippet:-1, max-image-preview:large, max-video-preview:-1\" \/>\n<link rel=\"canonical\" href=\"https:\/\/www.petrmudrak.photo\/index.php\/vitejte-na-strankach-venovanych-fotografii\/portret\/\" \/>\n<meta property=\"og:locale\" content=\"cs_CZ\" \/>\n<meta property=\"og:type\" content=\"article\" \/>\n<meta property=\"og:title\" content=\"Portr\u00e9t - Petr Mudr\u00e1k\" \/>\n<meta property=\"og:description\" content=\"Na rozd\u00edl od rodinn\u00e9 fotografie p\u0159i portr\u00e9tn\u00ed fotografii se sna\u017e\u00edm p\u0159ed samotn\u00fdm focen\u00edm co nejv\u00edce mluvit o o\u010dek\u00e1van\u00e9m v\u00fdsledku. Ud\u011bl\u00e1m si pak p\u0159edstavu a i focen\u00fd pak v\u00ed, jak bude v\u00fdsledek vypadat. Tak\u017ee vlastn\u011b p\u0159i focen\u00ed portr\u00e9tu je focen\u00ed a\u017e ta posledn\u00ed f\u00e1ze &#8211; dokon\u010den\u00ed pov\u00edd\u00e1n\u00ed o fotografii a o fotografovan\u00fdch.\" \/>\n<meta property=\"og:url\" content=\"https:\/\/www.petrmudrak.photo\/index.php\/vitejte-na-strankach-venovanych-fotografii\/portret\/\" \/>\n<meta property=\"og:site_name\" content=\"Petr Mudr\u00e1k\" \/>\n<meta property=\"article:publisher\" content=\"http:\/\/www.facebook.com\/fotopetrmudrak\" \/>\n<meta property=\"article:modified_time\" content=\"2020-08-22T15:14:48+00:00\" \/>\n<meta property=\"og:image\" content=\"https:\/\/www.petrmudrak.photo\/wp-content\/uploads\/2020\/08\/certifikat-2.jpg\" \/>\n<script type=\"application\/ld+json\" class=\"yoast-schema-graph\">{\"@context\":\"https:\\\/\\\/schema.org\",\"@graph\":[{\"@type\":\"WebPage\",\"@id\":\"https:\\\/\\\/www.petrmudrak.photo\\\/index.php\\\/vitejte-na-strankach-venovanych-fotografii\\\/portret\\\/\",\"url\":\"https:\\\/\\\/www.petrmudrak.photo\\\/index.php\\\/vitejte-na-strankach-venovanych-fotografii\\\/portret\\\/\",\"name\":\"Portr\u00e9t - Petr Mudr\u00e1k\",\"isPartOf\":{\"@id\":\"https:\\\/\\\/www.petrmudrak.photo\\\/#website\"},\"primaryImageOfPage\":{\"@id\":\"https:\\\/\\\/www.petrmudrak.photo\\\/index.php\\\/vitejte-na-strankach-venovanych-fotografii\\\/portret\\\/#primaryimage\"},\"image\":{\"@id\":\"https:\\\/\\\/www.petrmudrak.photo\\\/index.php\\\/vitejte-na-strankach-venovanych-fotografii\\\/portret\\\/#primaryimage\"},\"thumbnailUrl\":\"https:\\\/\\\/www.petrmudrak.photo\\\/wp-content\\\/uploads\\\/2020\\\/08\\\/certifikat-2.jpg\",\"datePublished\":\"2018-01-06T22:56:17+00:00\",\"dateModified\":\"2020-08-22T15:14:48+00:00\",\"breadcrumb\":{\"@id\":\"https:\\\/\\\/www.petrmudrak.photo\\\/index.php\\\/vitejte-na-strankach-venovanych-fotografii\\\/portret\\\/#breadcrumb\"},\"inLanguage\":\"cs\",\"potentialAction\":[{\"@type\":\"ReadAction\",\"target\":[\"https:\\\/\\\/www.petrmudrak.photo\\\/index.php\\\/vitejte-na-strankach-venovanych-fotografii\\\/portret\\\/\"]}]},{\"@type\":\"ImageObject\",\"inLanguage\":\"cs\",\"@id\":\"https:\\\/\\\/www.petrmudrak.photo\\\/index.php\\\/vitejte-na-strankach-venovanych-fotografii\\\/portret\\\/#primaryimage\",\"url\":\"https:\\\/\\\/www.petrmudrak.photo\\\/wp-content\\\/uploads\\\/2020\\\/08\\\/certifikat-2.jpg\",\"contentUrl\":\"https:\\\/\\\/www.petrmudrak.photo\\\/wp-content\\\/uploads\\\/2020\\\/08\\\/certifikat-2.jpg\",\"width\":679,\"height\":960},{\"@type\":\"BreadcrumbList\",\"@id\":\"https:\\\/\\\/www.petrmudrak.photo\\\/index.php\\\/vitejte-na-strankach-venovanych-fotografii\\\/portret\\\/#breadcrumb\",\"itemListElement\":[{\"@type\":\"ListItem\",\"position\":1,\"name\":\"Dom\u016f\",\"item\":\"https:\\\/\\\/www.petrmudrak.photo\\\/\"},{\"@type\":\"ListItem\",\"position\":2,\"name\":\"Uk\u00e1zkov\u00e9 galerie\",\"item\":\"https:\\\/\\\/www.petrmudrak.photo\\\/index.php\\\/vitejte-na-strankach-venovanych-fotografii\\\/\"},{\"@type\":\"ListItem\",\"position\":3,\"name\":\"Portr\u00e9t\"}]},{\"@type\":\"WebSite\",\"@id\":\"https:\\\/\\\/www.petrmudrak.photo\\\/#website\",\"url\":\"https:\\\/\\\/www.petrmudrak.photo\\\/\",\"name\":\"Petr Mudr\u00e1k\",\"description\":\"fotograf\",\"publisher\":{\"@id\":\"https:\\\/\\\/www.petrmudrak.photo\\\/#organization\"},\"potentialAction\":[{\"@type\":\"SearchAction\",\"target\":{\"@type\":\"EntryPoint\",\"urlTemplate\":\"https:\\\/\\\/www.petrmudrak.photo\\\/?s={search_term_string}\"},\"query-input\":{\"@type\":\"PropertyValueSpecification\",\"valueRequired\":true,\"valueName\":\"search_term_string\"}}],\"inLanguage\":\"cs\"},{\"@type\":\"Organization\",\"@id\":\"https:\\\/\\\/www.petrmudrak.photo\\\/#organization\",\"name\":\"Petr Mudr\u00e1k - fotograf\",\"url\":\"https:\\\/\\\/www.petrmudrak.photo\\\/\",\"logo\":{\"@type\":\"ImageObject\",\"inLanguage\":\"cs\",\"@id\":\"https:\\\/\\\/www.petrmudrak.photo\\\/#\\\/schema\\\/logo\\\/image\\\/\",\"url\":\"https:\\\/\\\/www.petrmudrak.photo\\\/wp-content\\\/uploads\\\/2017\\\/12\\\/Pozad\u00ed-objektiv.jpg\",\"contentUrl\":\"https:\\\/\\\/www.petrmudrak.photo\\\/wp-content\\\/uploads\\\/2017\\\/12\\\/Pozad\u00ed-objektiv.jpg\",\"width\":1600,\"height\":1005,\"caption\":\"Petr Mudr\u00e1k - fotograf\"},\"image\":{\"@id\":\"https:\\\/\\\/www.petrmudrak.photo\\\/#\\\/schema\\\/logo\\\/image\\\/\"},\"sameAs\":[\"http:\\\/\\\/www.facebook.com\\\/fotopetrmudrak\"]}]}<\/script>\n<!-- \/ Yoast SEO plugin. -->","yoast_head_json":{"title":"Portr\u00e9t - Petr Mudr\u00e1k","robots":{"index":"index","follow":"follow","max-snippet":"max-snippet:-1","max-image-preview":"max-image-preview:large","max-video-preview":"max-video-preview:-1"},"canonical":"https:\/\/www.petrmudrak.photo\/index.php\/vitejte-na-strankach-venovanych-fotografii\/portret\/","og_locale":"cs_CZ","og_type":"article","og_title":"Portr\u00e9t - Petr Mudr\u00e1k","og_description":"Na rozd\u00edl od rodinn\u00e9 fotografie p\u0159i portr\u00e9tn\u00ed fotografii se sna\u017e\u00edm p\u0159ed samotn\u00fdm focen\u00edm co nejv\u00edce mluvit o o\u010dek\u00e1van\u00e9m v\u00fdsledku. Ud\u011bl\u00e1m si pak p\u0159edstavu a i focen\u00fd pak v\u00ed, jak bude v\u00fdsledek vypadat. Tak\u017ee vlastn\u011b p\u0159i focen\u00ed portr\u00e9tu je focen\u00ed a\u017e ta posledn\u00ed f\u00e1ze &#8211; dokon\u010den\u00ed pov\u00edd\u00e1n\u00ed o fotografii a o fotografovan\u00fdch.","og_url":"https:\/\/www.petrmudrak.photo\/index.php\/vitejte-na-strankach-venovanych-fotografii\/portret\/","og_site_name":"Petr Mudr\u00e1k","article_publisher":"http:\/\/www.facebook.com\/fotopetrmudrak","article_modified_time":"2020-08-22T15:14:48+00:00","og_image":[{"url":"https:\/\/www.petrmudrak.photo\/wp-content\/uploads\/2020\/08\/certifikat-2.jpg","type":"","width":"","height":""}],"schema":{"@context":"https:\/\/schema.org","@graph":[{"@type":"WebPage","@id":"https:\/\/www.petrmudrak.photo\/index.php\/vitejte-na-strankach-venovanych-fotografii\/portret\/","url":"https:\/\/www.petrmudrak.photo\/index.php\/vitejte-na-strankach-venovanych-fotografii\/portret\/","name":"Portr\u00e9t - Petr Mudr\u00e1k","isPartOf":{"@id":"https:\/\/www.petrmudrak.photo\/#website"},"primaryImageOfPage":{"@id":"https:\/\/www.petrmudrak.photo\/index.php\/vitejte-na-strankach-venovanych-fotografii\/portret\/#primaryimage"},"image":{"@id":"https:\/\/www.petrmudrak.photo\/index.php\/vitejte-na-strankach-venovanych-fotografii\/portret\/#primaryimage"},"thumbnailUrl":"https:\/\/www.petrmudrak.photo\/wp-content\/uploads\/2020\/08\/certifikat-2.jpg","datePublished":"2018-01-06T22:56:17+00:00","dateModified":"2020-08-22T15:14:48+00:00","breadcrumb":{"@id":"https:\/\/www.petrmudrak.photo\/index.php\/vitejte-na-strankach-venovanych-fotografii\/portret\/#breadcrumb"},"inLanguage":"cs","potentialAction":[{"@type":"ReadAction","target":["https:\/\/www.petrmudrak.photo\/index.php\/vitejte-na-strankach-venovanych-fotografii\/portret\/"]}]},{"@type":"ImageObject","inLanguage":"cs","@id":"https:\/\/www.petrmudrak.photo\/index.php\/vitejte-na-strankach-venovanych-fotografii\/portret\/#primaryimage","url":"https:\/\/www.petrmudrak.photo\/wp-content\/uploads\/2020\/08\/certifikat-2.jpg","contentUrl":"https:\/\/www.petrmudrak.photo\/wp-content\/uploads\/2020\/08\/certifikat-2.jpg","width":679,"height":960},{"@type":"BreadcrumbList","@id":"https:\/\/www.petrmudrak.photo\/index.php\/vitejte-na-strankach-venovanych-fotografii\/portret\/#breadcrumb","itemListElement":[{"@type":"ListItem","position":1,"name":"Dom\u016f","item":"https:\/\/www.petrmudrak.photo\/"},{"@type":"ListItem","position":2,"name":"Uk\u00e1zkov\u00e9 galerie","item":"https:\/\/www.petrmudrak.photo\/index.php\/vitejte-na-strankach-venovanych-fotografii\/"},{"@type":"ListItem","position":3,"name":"Portr\u00e9t"}]},{"@type":"WebSite","@id":"https:\/\/www.petrmudrak.photo\/#website","url":"https:\/\/www.petrmudrak.photo\/","name":"Petr Mudr\u00e1k","description":"fotograf","publisher":{"@id":"https:\/\/www.petrmudrak.photo\/#organization"},"potentialAction":[{"@type":"SearchAction","target":{"@type":"EntryPoint","urlTemplate":"https:\/\/www.petrmudrak.photo\/?s={search_term_string}"},"query-input":{"@type":"PropertyValueSpecification","valueRequired":true,"valueName":"search_term_string"}}],"inLanguage":"cs"},{"@type":"Organization","@id":"https:\/\/www.petrmudrak.photo\/#organization","name":"Petr Mudr\u00e1k - fotograf","url":"https:\/\/www.petrmudrak.photo\/","logo":{"@type":"ImageObject","inLanguage":"cs","@id":"https:\/\/www.petrmudrak.photo\/#\/schema\/logo\/image\/","url":"https:\/\/www.petrmudrak.photo\/wp-content\/uploads\/2017\/12\/Pozad\u00ed-objektiv.jpg","contentUrl":"https:\/\/www.petrmudrak.photo\/wp-content\/uploads\/2017\/12\/Pozad\u00ed-objektiv.jpg","width":1600,"height":1005,"caption":"Petr Mudr\u00e1k - fotograf"},"image":{"@id":"https:\/\/www.petrmudrak.photo\/#\/schema\/logo\/image\/"},"sameAs":["http:\/\/www.facebook.com\/fotopetrmudrak"]}]}},"_links":{"self":[{"href":"https:\/\/www.petrmudrak.photo\/index.php\/wp-json\/wp\/v2\/pages\/313","targetHints":{"allow":["GET"]}}],"collection":[{"href":"https:\/\/www.petrmudrak.photo\/index.php\/wp-json\/wp\/v2\/pages"}],"about":[{"href":"https:\/\/www.petrmudrak.photo\/index.php\/wp-json\/wp\/v2\/types\/page"}],"author":[{"embeddable":true,"href":"https:\/\/www.petrmudrak.photo\/index.php\/wp-json\/wp\/v2\/users\/1"}],"replies":[{"embeddable":true,"href":"https:\/\/www.petrmudrak.photo\/index.php\/wp-json\/wp\/v2\/comments?post=313"}],"version-history":[{"count":9,"href":"https:\/\/www.petrmudrak.photo\/index.php\/wp-json\/wp\/v2\/pages\/313\/revisions"}],"predecessor-version":[{"id":1133,"href":"https:\/\/www.petrmudrak.photo\/index.php\/wp-json\/wp\/v2\/pages\/313\/revisions\/1133"}],"up":[{"embeddable":true,"href":"https:\/\/www.petrmudrak.photo\/index.php\/wp-json\/wp\/v2\/pages\/217"}],"wp:attachment":[{"href":"https:\/\/www.petrmudrak.photo\/index.php\/wp-json\/wp\/v2\/media?parent=313"}],"curies":[{"name":"wp","href":"https:\/\/api.w.org\/{rel}","templated":true}]}}

Portrét

<p>Na rozdíl od rodinné fotografie při portrétní fotografii se snažím před samotným focením co nejvíce mluvit o očekávaném výsledku. Udělám si pak představu a i focený pak ví, jak bude výsledek vypadat. Takže vlastně při focení portrétu je focení až ta poslední fáze &#8211; dokončení povídání o fotografii a o fotografovaných.</p>


<figure class="wp-block-image size-large is-resized"><img loading="lazy" decoding="async" src="https://www.petrmudrak.photo/wp-content/uploads/2020/08/certifikat-2.jpg" alt="" class="wp-image-1129" width="509" height="720" srcset="https://www.petrmudrak.photo/wp-content/uploads/2020/08/certifikat-2.jpg 679w, https://www.petrmudrak.photo/wp-content/uploads/2020/08/certifikat-2-212x300.jpg 212w" sizes="auto, (max-width: 509px) 100vw, 509px" /></figure>



ngg_shortcode_0_placeholder

<p>Na rozdíl od rodinné fotografie při portrétní fotografii se snažím před samotným focením co nejvíce mluvit o očekávaném výsledku. Udělám si pak představu a i focený pak ví, jak bude výsledek vypadat. Takže vlastně při focení portrétu je focení až ta poslední fáze &#8211; dokončení povídání o fotografii a o fotografovaných.</p>

<!-- This site is optimized with the Yoast SEO plugin v27.5 - https://yoast.com/product/yoast-seo-wordpress/ -->
<title>Portrét - Petr Mudrák</title>
<meta name="robots" content="index, follow, max-snippet:-1, max-image-preview:large, max-video-preview:-1" />
<link rel="canonical" href="https://www.petrmudrak.photo/index.php/vitejte-na-strankach-venovanych-fotografii/portret/" />
<meta property="og:locale" content="cs_CZ" />
<meta property="og:type" content="article" />
<meta property="og:title" content="Portrét - Petr Mudrák" />
<meta property="og:description" content="Na rozdíl od rodinné fotografie při portrétní fotografii se snažím před samotným focením co nejvíce mluvit o očekávaném výsledku. Udělám si pak představu a i focený pak ví, jak bude výsledek vypadat. Takže vlastně při focení portrétu je focení až ta poslední fáze &#8211; dokončení povídání o fotografii a o fotografovaných." />
<meta property="og:url" content="https://www.petrmudrak.photo/index.php/vitejte-na-strankach-venovanych-fotografii/portret/" />
<meta property="og:site_name" content="Petr Mudrák" />
<meta property="article:publisher" content="http://www.facebook.com/fotopetrmudrak" />
<meta property="article:modified_time" content="2020-08-22T15:14:48+00:00" />
<meta property="og:image" content="https://www.petrmudrak.photo/wp-content/uploads/2020/08/certifikat-2.jpg" />
<script type="application/ld+json" class="yoast-schema-graph">{"@context":"https:\/\/schema.org","@graph":[{"@type":"WebPage","@id":"https:\/\/www.petrmudrak.photo\/index.php\/vitejte-na-strankach-venovanych-fotografii\/portret\/","url":"https:\/\/www.petrmudrak.photo\/index.php\/vitejte-na-strankach-venovanych-fotografii\/portret\/","name":"Portrét - Petr Mudrák","isPartOf":{"@id":"https:\/\/www.petrmudrak.photo\/#website"},"primaryImageOfPage":{"@id":"https:\/\/www.petrmudrak.photo\/index.php\/vitejte-na-strankach-venovanych-fotografii\/portret\/#primaryimage"},"image":{"@id":"https:\/\/www.petrmudrak.photo\/index.php\/vitejte-na-strankach-venovanych-fotografii\/portret\/#primaryimage"},"thumbnailUrl":"https:\/\/www.petrmudrak.photo\/wp-content\/uploads\/2020\/08\/certifikat-2.jpg","datePublished":"2018-01-06T22:56:17+00:00","dateModified":"2020-08-22T15:14:48+00:00","breadcrumb":{"@id":"https:\/\/www.petrmudrak.photo\/index.php\/vitejte-na-strankach-venovanych-fotografii\/portret\/#breadcrumb"},"inLanguage":"cs","potentialAction":[{"@type":"ReadAction","target":["https:\/\/www.petrmudrak.photo\/index.php\/vitejte-na-strankach-venovanych-fotografii\/portret\/"]}]},{"@type":"ImageObject","inLanguage":"cs","@id":"https:\/\/www.petrmudrak.photo\/index.php\/vitejte-na-strankach-venovanych-fotografii\/portret\/#primaryimage","url":"https:\/\/www.petrmudrak.photo\/wp-content\/uploads\/2020\/08\/certifikat-2.jpg","contentUrl":"https:\/\/www.petrmudrak.photo\/wp-content\/uploads\/2020\/08\/certifikat-2.jpg","width":679,"height":960},{"@type":"BreadcrumbList","@id":"https:\/\/www.petrmudrak.photo\/index.php\/vitejte-na-strankach-venovanych-fotografii\/portret\/#breadcrumb","itemListElement":[{"@type":"ListItem","position":1,"name":"Domů","item":"https:\/\/www.petrmudrak.photo\/"},{"@type":"ListItem","position":2,"name":"Ukázkové galerie","item":"https:\/\/www.petrmudrak.photo\/index.php\/vitejte-na-strankach-venovanych-fotografii\/"},{"@type":"ListItem","position":3,"name":"Portrét"}]},{"@type":"WebSite","@id":"https:\/\/www.petrmudrak.photo\/#website","url":"https:\/\/www.petrmudrak.photo\/","name":"Petr Mudrák","description":"fotograf","publisher":{"@id":"https:\/\/www.petrmudrak.photo\/#organization"},"potentialAction":[{"@type":"SearchAction","target":{"@type":"EntryPoint","urlTemplate":"https:\/\/www.petrmudrak.photo\/?s={search_term_string}"},"query-input":{"@type":"PropertyValueSpecification","valueRequired":true,"valueName":"search_term_string"}}],"inLanguage":"cs"},{"@type":"Organization","@id":"https:\/\/www.petrmudrak.photo\/#organization","name":"Petr Mudrák - fotograf","url":"https:\/\/www.petrmudrak.photo\/","logo":{"@type":"ImageObject","inLanguage":"cs","@id":"https:\/\/www.petrmudrak.photo\/#\/schema\/logo\/image\/","url":"https:\/\/www.petrmudrak.photo\/wp-content\/uploads\/2017\/12\/Pozadí-objektiv.jpg","contentUrl":"https:\/\/www.petrmudrak.photo\/wp-content\/uploads\/2017\/12\/Pozadí-objektiv.jpg","width":1600,"height":1005,"caption":"Petr Mudrák - fotograf"},"image":{"@id":"https:\/\/www.petrmudrak.photo\/#\/schema\/logo\/image\/"},"sameAs":["http:\/\/www.facebook.com\/fotopetrmudrak"]}]}</script>
<!-- / Yoast SEO plugin. -->

Portrét - Petr Mudrák

Na rozdíl od rodinné fotografie při portrétní fotografii se snažím před samotným focením co nejvíce mluvit o očekávaném výsledku. Udělám si pak představu a i focený pak ví, jak bude výsledek vypadat. Takže vlastně při focení portrétu je focení až ta poslední fáze &#8211; dokončení povídání o fotografii a o fotografovaných.

Petr Mudrák

Domů

Ukázkové galerie

Petr Mudrák - fotograf

https://www.petrmudrak.photo/wp-content/uploads/2017/12/Pozadí-objektiv.jpg
